 is the units digit of (-7 + (-184)/(-24))/(((-1)/(-65370))/1)?
0
Suppose 0 = 312*o - 317*o + 20. Suppose -j = p - 873, -o*j - 3*p + 1980 + 1511 = 0. What is the units digit of j?
2
Suppose 1144768 = 37*w + 128859. What is the tens digit of w?
5
Let p = 4102 + -1555. What is the hundreds digit of p?
5
Let c(g) = -3*g - 4*g + g**2 - 453 - 449 + 1372 - 456. Suppose -3*u + 25 = -8*u. What is the units digit of c(u)?
4
Suppose 3*a - 46 = 2*r - 18, a + 4 = 0. What is the tens digit of (-1)/((3/261)/(r/12))?
4
Suppose -44 = 2*s - 116. Suppose 19*v = 28*v - s. Suppose v*q - 146 = -q + a, 3*q - 2*a = 89. What is the units digit of q?
9
Let j(b) = -32*b + 11. Let w = 137 - 80. Suppose 56*s - w*s = 2. What is the units digit of j(s)?
5
What is the ten thousands digit of (516800/(-56))/25*-133?
4
Let j be ((-151)/(-302))/((0 + -1)/(-10)). Suppose -3*d + 8*d = 0. Suppose -o - 5*t + 140 = d, -4*o + j*t + 610 = o. What is the units digit of o?
5
Let u be (15/10)/(2/12). What is the thousands digit of 10114/u + 14/63?
1
Let u(j) = 3*j**3 + 104*j**2 - 45*j - 2. Let y be 5*(7 - 14)*1. What is the tens digit of u(y)?
4
Let h = -61 - -146. Let o = h + -83. Suppose 0 = -o*m + 4*b + 204, -3*m - b + 336 = 3*b. What is the tens digit of m?
0
Let i(x) = -2*x**3 + 22*x**2 + 129*x - 54. What is the hundreds digit of i(-13)?
3
Suppose 82*d + 122*d = 23*d + 2360421. What is the tens digit of d?
4
Let j(c) = -5*c - 22. Let g be j(-4). What is the units digit of g + 0 + (313 - 3)?
8
Let t(m) = 14*m - 66. Let p = 342 - 326. What is the hundreds digit of t(p)?
1
Let v = 13724 - -6811. What is the hundreds digit of v?
5
Let a(p) = 2*p**3 + 13*p**2 - 2*p - 9. Let n be a(-10). Let u = n - -1579. What is the hundreds digit of u?
8
Let o(s) = 17*s**2 - 38*s - 1539. What is the units digit of o(-32)?
5
Suppose 23*l - 27*l = -3*g + 58954, 0 = -8*g - 2*l + 157160. What is the thousands digit of g?
9
Suppose -10*o + 222 - 12 = 0. Suppose 16*r = o*r - 650. What is the tens digit of r?
3
Let r(s) = 72*s**2 - 75*s + 1080. What is the ten thousands digit of r(19)?
2
Let j = -5031 - -7745. What is the hundreds digit of j?
7
Let q = -90 + -1536. Let t = -802 - q. What is the tens digit of t?
2
What is the hundreds digit of -17 + 20 + (1686 - 15/5)?
6
Suppose 0 = 5*q + 353 + 757. Suppose -208 - 1070 = 3*u. Let w = q - u. What is the tens digit of w?
0
Suppose 6*y = -4*m + 2*y + 24, -2*m = -3*y - 7. Suppose -o - 1385 = -5*w, 9 = m*o - 16. What is the hundreds digit of w?
2
Suppose 0 = 5*d + 2*v - 16598, 4*v - 3860 = -4*d + 9416. Let x = d - 2371. What is the tens digit of x?
4
Suppose 1230482 = 46*x - 1194960. What is the thousands digit of x?
2
Let k(j) = 4*j**2 + 46*j - 643. Let w(x) = -x**2 - 12*x + 161. Let g(n) = -2*k(n) - 9*w(n). What is the tens digit of g(-41)?
6
Suppose 33*y - 252096 = -31*y. What is the tens digit of y?
3
Let n = 60052 + -33937. What is the hundreds digit of n?
1
Let o(a) be the first derivative of a**3 - a**2 - 17*a - 67. What is the tens digit of o(9)?
0
Let d(c) = -338*c**3 + 11*c**2 + 26*c + 106. What is the hundreds digit of d(-5)?
5
Let s(i) = 2*i**2 - 62*i + 714. What is the hundreds digit of s(59)?
0
Suppose 4*w - 3*i = 42879 + 46763, 4*w = -5*i + 89626. What is the thousands digit of w?
2
Let j(h) = 10*h - 84. Let k be j(27). Let d(s) = -42*s - 4. Let b be d(-3). Let u = k - b. What is the units digit of u?
4
Let z(t) = -t**3 + 35*t**2 - 53*t + 44. Let p be z(32). Let s = p + -937. What is the units digit of s?
3
Let q be (245/(-21))/(-5) + 2/3. Suppose 0 = -2*i - 3*x + 578, -q*i - 6*x + x + 868 = 0. Suppose -3*u + i + 248 = 0. What is the hundreds digit of u?
1
Suppose 0 = 2*j - 4*y - 4042, -j - 3*y + 1293 = -718. Let u = j + -510. What is the units digit of u?
7
Suppose -5*s + 3*p = -152 - 82, -4*s = 4*p - 168. What is the tens digit of 7/((-35)/(-3)) + 25488/s?
6
Let f(z) = 178*z**2 + 2*z + 2. Let w be f(-1). Let t = -253 + w. Let a = -26 - t. What is the tens digit of a?
4
What is the tens digit of ((-816)/(-17) + -2)*391?
8
Suppose 10394 + 338098 + 14828 = 62*i. What is the hundreds digit of i?
8
Let o(c) = 172*c + 52549. What is the hundreds digit of o(0)?
5
What is the hundreds digit of (-47)/168 - 171/(-456) - (-994136)/42?
6
Suppose 8288 = 30*l - 14*l. What is the hundreds digit of l?
5
Suppose 4*r - 117158 = 2*j, -15387 = -r + j + 13905. What is the ten thousands digit of r?
2
Let d(g) = 75*g + 326. Let i be (4 + 1 + -15)*-1. What is the hundreds digit of d(i)?
0
Suppose 6*k = 19 + 5. Suppose -k*u + 412 = -4*i, 58 + 30 = u + 2*i. Suppose u - 8 = 9*c. What is the units digit of c?
0
Suppose 34*b - 30*b = 2*o + 158934, -4*o = -b + 39730. What is the hundreds digit of b?
7
Suppose -6*z = -3*z. Let l be -6 + 3 + 4 - -3. Suppose -k - 5*m = -41, -l*m - 2 - 2 = z. What is the units digit of k?
6
Suppose 271 = 11*o + 117. What is the units digit of ((-3)/9 - -1)/(o/17703)?
3
Suppose 217*x - 219*x + h + 5274 = 0, -5*x - 2*h = -13194. What is the hundreds digit of x?
6
Suppose -4*w - 4*z + 128976 = 0, -1132*w + z - 64488 = -1134*w. What is the tens digit of w?
4
Let y be (5 + 69/(-15))/((-3)/(-15)). Suppose -4*u + 2*u = y*o - 836, 4*o = -u + 1666. What is the units digit of o?
6
Suppose 177 = 2*r + 181. Let h(q) = -37*q**3 - 2*q**2 - 4*q - 5. What is the tens digit of h(r)?
9
Suppose -n = -0*n. Suppose -1 = k - 2*g, 0*k + k - 4*g + 11 = n. Suppose 4*u - k*u = -785. What is the hundreds digit of u?
1
Let h(j) = -j**2 - 6*j - 9. Let y be h(-5). Let l be 4 + 7 + y + -3. Suppose -l*f = -3*c - 139, c - 114 = -4*f - c. What is the tens digit of f?
3
Let v = 5443 + -929. What is the hundreds digit of v?
5
Suppose -3*q - 4 = -2*f, f - 2*q - 2 = q. Suppose -f*j + 1991 = -45. Suppose 8*o = -282 + j. What is the units digit of o?
2
Let z be (-4)/(-14) - 10/(-14). Let f be z/13*2 - (-824)/52. Suppose u = 59 + f. What is the units digit of u?
5
Let x(z) = 2*z**3 - 17*z**2 + 9*z - 14. Suppose 20*n - 10*n = 80. Let o be x(n). What is the tens digit of (o/5)/(2/(-450))?
7
Let l be (-79)/((6/(-9))/(1 - 3)). Let y = 113 - l. What is the hundreds digit of y?
3
Let p(s) = -s**3 + 9*s**2 - 8*s + 3. Let y be p(8). Let h be y - 0 - (1 + -2 + 2). Suppose -3*u = 12, h*u - 212 = -3*q - q. What is the units digit of q?
5
Let n = 162 - 26. Suppose 0 = -b - 57 + 17. Let v = n + b. What is the tens digit of v?
9
Let h(k) = -k**3 - 31*k**2 - 30*k - 10. Let f be h(-30). What is the hundreds digit of 708 + 6*f/20?
7
Suppose -10 = 6*f + 2. Let j be 36 + f/(0 + 2). Let s = 37 + j. What is the units digit of s?
2
Suppose -66 = -4*h - 42. Let a(m) = -7*m**3 - 3*m**2 + 6. Let b(j) = -6*j**3 - 2*j**2 - j + 5. Let f(s) = 5*a(s) - 6*b(s). What is the tens digit of f(h)?
4
Let k(s) = s**2 + 14*s - 144. Let z be k(-21). Suppose i - 3*i + 4*h = -188, 0 = 4*i - z*h - 391. What is the units digit of i?
0
Suppose -369 - 309 = -6*p. Suppose -14*c = -3515 + p. What is the units digit of c?
3
Suppose -77*b + 110556 = -475876. What is the tens digit of b?
1
Let c be (4/10)/((-6)/(-45)). Let o(b) = 89*b**2 + 3*b - 9. What is the units digit of o(c)?
1
Suppose -1138*k = -1185*k + 767369. What is the hundreds digit of k?
3
Let g = 5851 + -611. What is the tens digit of g?
4
Suppose -20*l + 24*l - 5*d + 360 = 0, 0 = -2*d. What is the units digit of -3*(-5)/l - 8067/(-18)?
8
Let o(g) = 7*g - 21. Let z be o(-15). Let x = z + 822. What is the tens digit of x?
9
Let s(k) = k**3 - 11*k**2 + 21*k + 66. What is the hundreds digit of s(22)?
8
What is the hundreds digit of 6898 + (-2)/7*(-357)/34?
9
Let u = -41 + 39. Let d be 1 + 49 + u - 0. Suppose 6*o - d = 2*o. What is the units digit of o?
2
Let n be (10 - 15)*(-292)/(-10). Let r = n + 244. What is the units digit of r?
8
Suppose 3 = z + 3*j, 0*j = 5*j. Let t be z + -4 + 3/(-3). What is the units digit of -4 + (-10)/t - -7?
8
Let h(d) = d - 2. Let c be ((-11)/22)/((-1)/50). Suppose 5*x - c = 15. What is the units digit of h(x)?
6
Let g(c) be the third derivative of 11*c**5/60 - c**4/12 - c**3/2 + 1247*c**2. Let o(n) = -n**2 - 5*n + 4. Let m be o(-6). What is the tens digit of g(m)?
4
Suppose 0 = -3*k - 0*k - 2*x - 275, -2*k + 4*x - 162 = 0. Let y = -10 - k. Let b = 176 - y. What is the units digit of b?
7
Suppose -5*d + 1604 = -d. Let a(i) = -16*i**2 - 4*i. Le